{"id":2042,"date":"2025-05-12T11:36:21","date_gmt":"2025-05-12T09:36:21","guid":{"rendered":"https:\/\/familienstark2645.live-website.com\/?post_type=product&#038;p=2042"},"modified":"2025-05-26T10:27:05","modified_gmt":"2025-05-26T08:27:05","slug":"fit-nach-der-rueckbildung-ab-02-06-2025-in-beyenburg","status":"publish","type":"product","link":"https:\/\/familienstark2645.live-website.com\/index.php\/produkt\/fit-nach-der-rueckbildung-ab-02-06-2025-in-beyenburg\/","title":{"rendered":"Fit nach der R\u00fcckbildung ab 02.06.2025 in Beyenburg"},"content":{"rendered":"<div><\/div>\n<div>\n<p>Dieser Kurs ist speziell f\u00fcr Mamas\u00a0 nach der R\u00fcckbildungsphase ausgerichtet.<\/p>\n<div><\/div>\n<div>Eure R\u00fcckbildung ist abgeschlossen und ihr m\u00f6chtet euch fit machen? Dann ist der Kurs genau das Richtige f\u00fcr euch!<\/div>\n<div><\/div>\n<div>Die Babys\/Kinder sind dabei, w\u00e4hrend die Mama trainiert.<\/div>\n<div><\/div>\n<div>Wir richten den Fokus aber nicht nur auf die Bewegung, denn auch das Thema Ern\u00e4hrung ist Teil des Kurses.<\/div>\n<div><\/div>\n<div>Jede Stunde besteht aus einer Aerobic-Phase sowie einem anschlie\u00dfendem Kr\u00e4ftigungs-Workout. Die Fettverbrennung wird angeregt; Bauch, Beine und Po werden trainiert. Die gesamte Muskulatur wird aktiviert und der R\u00fccken mobilisiert.<\/div>\n<div><\/div>\n<div>W\u00e4hrend Mama beim Aerobic schwitzt, vergn\u00fcgt sich das Baby\/Kind auf der Gymnastikmatte. So haben die M\u00fctter die Arme frei.<\/div>\n<div><\/div>\n<div>Effektive Fitness f\u00fcr die Mama\u00b4s und zugleich spielerische F\u00f6rderung f\u00fcr die Kleinen!<\/div>\n<div><\/div>\n<\/div>\n<div><\/div>\n<div><\/div>\n<div>Dozentin: Simone Paries<\/div>\n<div>Kursort: Steinhauser Stra\u00dfe 10, 42399 Wuppertal<\/div>\n<div>Kurstermine: 02.06.-14.07.2025 , 6 Einheiten<\/div>\n<div>Kosten: 59,00 \u20ac<\/div>\n","protected":false},"excerpt":{"rendered":"<p>Dieser Kurs ist speziell f\u00fcr Mamas\u00a0 nach der R\u00fcckbildungsphase ausgerichtet. [&hellip;]<\/p>\n","protected":false},"featured_media":2044,"template":"","meta":[],"product_brand":[],"product_cat":[73,28,29,70],"product_tag":[],"class_list":{"0":"post-2042","1":"product","2":"type-product","3":"status-publish","4":"has-post-thumbnail","6":"product_cat-juni-2025","7":"product_cat-kurse-frauen","8":"product_cat-kurse-kinder","9":"product_cat-oktober-2024","11":"first","12":"instock","13":"taxable","14":"shipping-taxable","15":"purchasable","16":"product-type-variable","17":"has-default-attributes"},"_links":{"self":[{"href":"https:\/\/familienstark2645.live-website.com\/index.php\/wp-json\/wp\/v2\/product\/2042","targetHints":{"allow":["GET"]}}],"collection":[{"href":"https:\/\/familienstark2645.live-website.com\/index.php\/wp-json\/wp\/v2\/product"}],"about":[{"href":"https:\/\/familienstark2645.live-website.com\/index.php\/wp-json\/wp\/v2\/types\/product"}],"wp:featuredmedia":[{"embeddable":true,"href":"https:\/\/familienstark2645.live-website.com\/index.php\/wp-json\/wp\/v2\/media\/2044"}],"wp:attachment":[{"href":"https:\/\/familienstark2645.live-website.com\/index.php\/wp-json\/wp\/v2\/media?parent=2042"}],"wp:term":[{"taxonomy":"product_brand","embeddable":true,"href":"https:\/\/familienstark2645.live-website.com\/index.php\/wp-json\/wp\/v2\/product_brand?post=2042"},{"taxonomy":"product_cat","embeddable":true,"href":"https:\/\/familienstark2645.live-website.com\/index.php\/wp-json\/wp\/v2\/product_cat?post=2042"},{"taxonomy":"product_tag","embeddable":true,"href":"https:\/\/familienstark2645.live-website.com\/index.php\/wp-json\/wp\/v2\/product_tag?post=2042"}],"curies":[{"name":"wp","href":"https:\/\/api.w.org\/{rel}","templated":true}]}}